2)) - (-137588)/(-506))/(-2). Let q be (3 + 0 + -2)*17. Calculate the highest common factor of q and n.
17
Let p(y) = 53*y**2 - 247*y + 71. Let l be p(7). Calculate the greatest common divisor of 12833 and l.
313
Suppose t + 539 = 24*q - 28*q, -4*q - 543 = -3*t. Let z = q + 155. Calculate the highest common divisor of z and 4.
4
Let v(c) = 21*c**2 - 2*c + 1. Let t be v(-4). Let n(a) = 27*a - 1173. Let l be n(44). Calculate the highest common divisor of l and t.
15
Suppose -5882 = -22*q + 5*q. Let g = -274 + q. What is the greatest common divisor of 54 and g?
18
Suppose 3*f - 15*f = -32*f + 78260. Calculate the highest common factor of f and 2107.
301
Suppose 0 = p + 3*d - 2*d - 149, -5*p + 4*d = -718. Let y = p + -123. Suppose 2*n + 2*n + 900 = 5*j, -10 = -2*n. What is the greatest common factor of j and y?
23
Let h(p) = p**3 + 22*p**2 - 3*p - 13. Let c be h(-22). Let k = -2 + -17. Let i = c - k. What is the greatest common divisor of i and 18?
18
Let r be (-2268)/(-972)*774/14. Calculate the greatest common factor of 22059 and r.
129
Suppose 15*r - 3387 = -657. Suppose -1681 = 11*y - 2110. Calculate the greatest common factor of r and y.
13
Let q = 7246 - 6787. What is the highest common divisor of q and 493?
17
Let r(y) = -y**2 - 95*y + 1622. Let x be r(14). Calculate the highest common divisor of 1644 and x.
12
Suppose -429*f + 431*f + 16 = 0. Let i be (-4)/(-8) + (-100)/f. What is the highest common factor of i and 169?
13
Let v = -24273 - -24339. Let i be 1/(-4) + (-2906)/(-8). What is the highest common divisor of v and i?
33
Let v(x) = x**3 + 25*x**2 - 18764*x + 10*x**2 + 18793*x - 95. Let l be v(-34). Calculate the greatest common factor of l and 3.
3
Suppose 4*m - 4*v = 2504, 5*m - 871 = -2*v + 2315. Calculate the highest common divisor of 2 and m.
2
Suppose 25 = -5*c, 54*c - 50*c + 42 = 2*o. Suppose 2*t = 5*p - 3461, 3*p + 0*t = 2*t + 2075. Calculate the greatest common divisor of o and p.
11
Let x be 3*236/16*624/117. Calculate the greatest common divisor of x and 46.
2
Let f be (-10 - 8)/(2/(-6)). Let q = f + 2. Calculate the greatest common factor of 8 and q.
8
Let y(z) = 2*z**3 + 22*z + 3 - z**3 - 2*z**3 + 7*z**2 - z**3 + 7*z**2. Let a be y(8). What is the greatest common divisor of a and 459?
51
Let g(h) = -3*h**3 + 103*h**2 + 75*h + 49. Let l be g(35). Let p = -72 + 79. What is the highest common factor of p and l?
7
Let x be (-4)/((-4)/33)*1. Let a = -350 - -355. Suppose -2*v + a*w = -81, w - 69 = -2*v + 2*w. Calculate the greatest common divisor of v and x.
33
Let j = 52 + -45. Let k be (j + 7)*(-9)/(-2). Calculate the highest common divisor of 7 and k.
7
Suppose -19*r + 119 + 14 = 0. Let t be (55/(-20))/(r/(-280)). Calculate the highest common divisor of t and 88.
22
Let r(g) = -9*g - 74. Let s be r(-12). Let f = -328 - -617. Calculate the greatest common divisor of f and s.
17
Let h(k) = 2*k + 18. Let u be h(-12). Let l be (-18)/u + 1*-1. Suppose 0*q - l*q + m = -3, 5*q - 40 = -4*m. Calculate the highest common divisor of q and 2.
2
Suppose -2636*z = d - 2639*z - 80, 316 = 5*d - z. Calculate the greatest common divisor of 1333 and d.
31
Let y = -5 + 11. Let h(m) = -2*m**3 - 91*m + m**3 - 79 + 115 + 33*m**2. Let u be h(30). What is the highest common divisor of u and y?
6
Let v(m) = 11*m**2 - 246*m - 10507. Let b be v(-39). Calculate the greatest common divisor of b and 11.
11
Suppose 17*l - 14*l = 3. Let w be (70/28)/(l/58). Calculate the highest common factor of 5 and w.
5
Let g = -36534 - -36836. Calculate the highest common factor of 6 and g.
2
Let z be (8 - 6)/(1/(74/4)). Let c = z + -31. Calculate the greatest common divisor of 366 and c.
6
Suppose -4*c = 4*n - 1724, -84*c - n = -80*c - 1733. What is the highest common factor of 112 and c?
14
Suppose 29*n + 31119 = 44*n + 36*n + 18*n. Suppose p + 3*p = 8. Suppose -5*l = x - 203, -201 = -5*l - p*x - 0*x. What is the greatest common divisor of l and n?
41
Let h = -8 - -9. Suppose h = k + 4*q - 12, -5*q + 29 = 2*k. Suppose 3*o - 199 = -g, 4*o = -o + 20. What is the greatest common divisor of k and g?
17
Suppose -p - 4*p + 640 = 0. Let j(y) = -y**3 - 11*y**2 + 10*y - 37. Let l be j(-13). Let w = l + -139. What is the highest common factor of p and w?
32
Let n = -2723 - -2768. Suppose -2*m - 46 = 3*b - 0*b, m + 30 = -2*b. Let o = b - -29. Calculate the highest common factor of n and o.
15
Suppose 4*s + 5*k - 5123 = 0, k - 2144 = -2*s + 407. What is the greatest common factor of s and 384?
24
Suppose -4*o + 52 = -4*p, -4*o - 2*p + 10 = -12. Let c be (-8)/32 - 481/(-4). Calculate the highest common factor of c and o.
8
Let a(v) = 2*v**2 - 21*v + 19. Let p = 138 - 128. Let x be a(p). What is the highest common factor of 621 and x?
9
Let z(q) = 8*q - 5*q + 6 + q**2 - 5*q. Let n be z(3). Let h be (n/15)/((-14)/15 + 1). What is the highest common factor of 45 and h?
9
Suppose -8*i + 355 = 139. Let m(u) = -7*u**3 - 107*u**2 - 31*u - 3. Let w be m(-15). What is the greatest common factor of w and i?
3
Suppose -10*z + 1188 = z. Let g be (105/(-28))/((-1)/z). Let h = -234 + g. Calculate the greatest common factor of h and 19.
19
Let x = -10 + 14. Suppose 0 = -4*r - x + 16. Suppose -z + 4*t = 1, -3 = 4*z - t - 14. Calculate the highest common factor of z and r.
3
Suppose 4*n + 12 = -3*g - 0, -3*n = 5*g + 20. Suppose -6 = -6*m - n*m. Let d be 13 + -4 + 7 - (m + -4). Calculate the greatest common factor of 57 and d.
19
Let z(m) be the third derivative of m**5/60 + m**4/12 - 31*m**3/6 + 21*m**2. Let k be z(5). What is the greatest common factor of 1 and k?
1
Suppose -3*r + 4*r + 2*x - 196 = 0, -5*x = -5*r + 1010. Let i be (-4)/14 + (-9)/(-189)*1581. What is the greatest common factor of r and i?
25
Suppose 4 = -4*k + 3*p, -5*k + 2*p = 2 - 4. Let r(z) = -11*z + 13 + k + z**2 + 3*z - 2*z**2. Let i be r(-8). What is the greatest common divisor of 6 and i?
3
Let m be -2*453/(-6)*-1. Let a = 157 + m. Let o = 23 + -8. Calculate the highest common factor of a and o.
3
Let g = 148 - -342. What is the greatest common factor of 70 and g?
70
Let h(k) = 15*k - 95. Let q(c) = 2*c - 2. Let m(t) = -h(t) + 4*q(t). Let x be m(-3). Calculate the greatest common divisor of 18 and x.
18
Suppose -1 = -v, -2*v = -115*h + 114*h + 9466. What is the greatest common divisor of h and 36?
36
Let g = -66 - -61. Let z(r) = -r**3 - 2*r**2 + 2*r + 7. Let h be z(g). Let u be 8/14 - h/(-21). Calculate the greatest common factor of 4 and u.
4
Suppose -20619 = 31*n + 17542. Let j = -1211 - n. Let s be 1/4 + 62/8. What is the highest common divisor of j and s?
4
Suppose -5*y - 2026 = -3*p + 1129, y = 5*p - 631. Let v = -470 - y. Calculate the greatest common factor of 207 and v.
23
Let z = 4364 - 4347. What is the greatest common factor of z and 119?
17
Let h(a) = a**3 - 5*a**2 + 5*a + 1. Let x be h(4). Suppose 4*c - 9 = -x. Let m be ((c - -1)/2)/(2/12). Calculate the highest common factor of 12 and m.
6
Let t = -56 + 48. Let r be -5 - 95/(-20) - (-70)/t. Let u(c) = -2*c**3 - 17*c**2 + 10*c + 13. Let i be u(r). What is the greatest common factor of 2 and i?
2
Suppose 5*g = 10*g - 4920. Let n = -18823 - -18847. Calculate the highest common factor of g and n.
24
Suppose -2*z + 208 = 4*y, 3*z - 80 - 216 = -2*y. Suppose 0 = -7*l - 5*l + z. Suppose l*h + 119 = 15*h. What is the greatest common divisor of h and 187?
17
Let f = 4563 - 4485. What is the greatest common factor of f and 1833?
39
Let q = 32919 + -29975. Calculate the greatest common factor of 161 and q.
23
Let r(v) = -2*v**2 + 4*v + 45. Let w be r(0). Suppose n + 9 = w. Let g(d) = -2*d - 2. Let p be g(-13). What is the highest common factor of n and p?
12
Suppose 2*m + 2*f + 2*f = 2778, 5*m + 5*f - 6915 = 0. What is the greatest common divisor of m and 81?
81
Let m = -20 + 88. Let p(f) = -4*f**2 - 46*f + 12. Suppose 19*o - 33*o - 154 = 0. Let n be p(o). What is the greatest common factor of n and m?
34
Let b(r) be the third derivative of r**5/60 + 5*r**4/24 - 5*r**3/3 + 2*r**2. Let x be b(-8). Let g = 37 + -23. Calculate the highest common factor of x and g.
14
Suppose -3*j - 15 = -0, 5*j = -3*a - 115. Let g(n) = -2*n - 9. Let w be g(21). Let i = a - w. Calculate the greatest common divisor of i and 28.
7
Let j(n) = -391*n + 163. Let q be j(-7). Let u be (q/35)/(